{"id":6409,"date":"2017-11-18T10:31:32","date_gmt":"2017-11-18T09:31:32","guid":{"rendered":"https:\/\/piedracreativa.com\/blog\/?page_id=6409"},"modified":"2018-03-30T13:07:56","modified_gmt":"2018-03-30T11:07:56","slug":"tipos-de-barniz","status":"publish","type":"page","link":"https:\/\/piedracreativa.com\/blog\/tipos-de-barniz\/","title":{"rendered":"Tipos de barniz"},"content":{"rendered":"<p><iframe loading=\"lazy\" class=\"pdf\" style=\"border: 0px currentColor; width: 100%;\" src=\"https:\/\/docs.google.com\/viewer?url=https%3A%2F%2Fpiedracreativa.com%2Fblog%2Fwp-content%2Fuploads%2F2017%2F11%2Ftipos-de-barniz.pdf&amp;embedded=true\" width=\"100%\" height=\"600\" frameborder=\"0\"><\/iframe><\/p>\n","protected":false},"excerpt":{"rendered":"","protected":false},"author":1,"featured_media":6238,"parent":0,"menu_order":0,"comment_status":"closed","ping_status":"closed","template":"template-full-width.php","meta":{"yasr_overall_rating":0,"yasr_post_is_review":"","yasr_auto_insert_disabled":"","yasr_review_type":"","footnotes":""},"class_list":["post-6409","page","type-page","status-publish","has-post-thumbnail"],"yoast_head":"<!-- This site is optimized with the Yoast SEO plugin v23.8 - https:\/\/yoast.com\/wordpress\/plugins\/seo\/ -->\n<title>Tipos de barniz &#8226; PiedraCreativa<\/title>\n<meta name=\"description\" content=\"\u00bfQu\u00e9 tipo de barniz es el m\u00e1s adecuado? En este documento podr\u00e1s encontrar una estupenda comparativa que te ayudar\u00e1 con la mejor elecci\u00f3n.\" \/>\n<meta name=\"robots\" content=\"index, follow, max-snippet:-1, max-image-preview:large, max-video-preview:-1\" \/>\n<link rel=\"canonical\" href=\"https:\/\/piedracreativa.com\/blog\/tipos-de-barniz\/\" \/>\n<meta property=\"og:locale\" content=\"es_ES\" \/>\n<meta property=\"og:type\" content=\"article\" \/>\n<meta property=\"og:title\" content=\"Tipos de barniz &#8226; PiedraCreativa\" \/>\n<meta property=\"og:description\" content=\"\u00bfQu\u00e9 tipo de barniz es el m\u00e1s adecuado? En este documento podr\u00e1s encontrar una estupenda comparativa que te ayudar\u00e1 con la mejor elecci\u00f3n.\" \/>\n<meta property=\"og:url\" content=\"https:\/\/piedracreativa.com\/blog\/tipos-de-barniz\/\" \/>\n<meta property=\"og:site_name\" content=\"PiedraCreativa\" \/>\n<meta property=\"article:publisher\" content=\"https:\/\/www.facebook.com\/PiedraCreativa-586990834844016\/\" \/>\n<meta property=\"article:modified_time\" content=\"2018-03-30T11:07:56+00:00\" \/>\n<meta property=\"og:image\" content=\"https:\/\/piedracreativa.com\/blog\/wp-content\/uploads\/2017\/10\/que-barniz-usar-para-piedras-pintadas-piedracreativa.jpg\" \/>\n\t<meta property=\"og:image:width\" content=\"2656\" \/>\n\t<meta property=\"og:image:height\" content=\"2656\" \/>\n\t<meta property=\"og:image:type\" content=\"image\/jpeg\" \/>\n<meta name=\"twitter:card\" content=\"summary_large_image\" \/>\n<meta name=\"twitter:site\" content=\"@PiedraCreativa\" \/>\n<script type=\"application\/ld+json\" class=\"yoast-schema-graph\">{\"@context\":\"https:\/\/schema.org\",\"@graph\":[{\"@type\":\"WebPage\",\"@id\":\"https:\/\/piedracreativa.com\/blog\/tipos-de-barniz\/\",\"url\":\"https:\/\/piedracreativa.com\/blog\/tipos-de-barniz\/\",\"name\":\"Tipos de barniz &#8226; PiedraCreativa\",\"isPartOf\":{\"@id\":\"https:\/\/piedracreativa.com\/blog\/#website\"},\"primaryImageOfPage\":{\"@id\":\"https:\/\/piedracreativa.com\/blog\/tipos-de-barniz\/#primaryimage\"},\"image\":{\"@id\":\"https:\/\/piedracreativa.com\/blog\/tipos-de-barniz\/#primaryimage\"},\"thumbnailUrl\":\"https:\/\/piedracreativa.com\/blog\/wp-content\/uploads\/2017\/10\/que-barniz-usar-para-piedras-pintadas-piedracreativa.jpg\",\"datePublished\":\"2017-11-18T09:31:32+00:00\",\"dateModified\":\"2018-03-30T11:07:56+00:00\",\"description\":\"\u00bfQu\u00e9 tipo de barniz es el m\u00e1s adecuado? En este documento podr\u00e1s encontrar una estupenda comparativa que te ayudar\u00e1 con la mejor elecci\u00f3n.\",\"breadcrumb\":{\"@id\":\"https:\/\/piedracreativa.com\/blog\/tipos-de-barniz\/#breadcrumb\"},\"inLanguage\":\"es\",\"potentialAction\":[{\"@type\":\"ReadAction\",\"target\":[\"https:\/\/piedracreativa.com\/blog\/tipos-de-barniz\/\"]}]},{\"@type\":\"ImageObject\",\"inLanguage\":\"es\",\"@id\":\"https:\/\/piedracreativa.com\/blog\/tipos-de-barniz\/#primaryimage\",\"url\":\"https:\/\/piedracreativa.com\/blog\/wp-content\/uploads\/2017\/10\/que-barniz-usar-para-piedras-pintadas-piedracreativa.jpg\",\"contentUrl\":\"https:\/\/piedracreativa.com\/blog\/wp-content\/uploads\/2017\/10\/que-barniz-usar-para-piedras-pintadas-piedracreativa.jpg\",\"width\":2656,\"height\":2656,\"caption\":\"Que barniz usar para piedras pintadas. PiedraCreativa\"},{\"@type\":\"BreadcrumbList\",\"@id\":\"https:\/\/piedracreativa.com\/blog\/tipos-de-barniz\/#breadcrumb\",\"itemListElement\":[{\"@type\":\"ListItem\",\"position\":1,\"name\":\"Home\",\"item\":\"https:\/\/piedracreativa.com\/blog\/\"},{\"@type\":\"ListItem\",\"position\":2,\"name\":\"Tipos de barniz\"}]},{\"@type\":\"WebSite\",\"@id\":\"https:\/\/piedracreativa.com\/blog\/#website\",\"url\":\"https:\/\/piedracreativa.com\/blog\/\",\"name\":\"PiedraCreativa\",\"description\":\"Manualidades y decoraci\u00f3n con piedras\",\"potentialAction\":[{\"@type\":\"SearchAction\",\"target\":{\"@type\":\"EntryPoint\",\"urlTemplate\":\"https:\/\/piedracreativa.com\/blog\/?s={search_term_string}\"},\"query-input\":{\"@type\":\"PropertyValueSpecification\",\"valueRequired\":true,\"valueName\":\"search_term_string\"}}],\"inLanguage\":\"es\"},false]}<\/script>\n<!-- \/ Yoast SEO plugin. -->","yoast_head_json":{"title":"Tipos de barniz &#8226; PiedraCreativa","description":"\u00bfQu\u00e9 tipo de barniz es el m\u00e1s adecuado? En este documento podr\u00e1s encontrar una estupenda comparativa que te ayudar\u00e1 con la mejor elecci\u00f3n.","robots":{"index":"index","follow":"follow","max-snippet":"max-snippet:-1","max-image-preview":"max-image-preview:large","max-video-preview":"max-video-preview:-1"},"canonical":"https:\/\/piedracreativa.com\/blog\/tipos-de-barniz\/","og_locale":"es_ES","og_type":"article","og_title":"Tipos de barniz &#8226; PiedraCreativa","og_description":"\u00bfQu\u00e9 tipo de barniz es el m\u00e1s adecuado? En este documento podr\u00e1s encontrar una estupenda comparativa que te ayudar\u00e1 con la mejor elecci\u00f3n.","og_url":"https:\/\/piedracreativa.com\/blog\/tipos-de-barniz\/","og_site_name":"PiedraCreativa","article_publisher":"https:\/\/www.facebook.com\/PiedraCreativa-586990834844016\/","article_modified_time":"2018-03-30T11:07:56+00:00","og_image":[{"width":2656,"height":2656,"url":"https:\/\/piedracreativa.com\/blog\/wp-content\/uploads\/2017\/10\/que-barniz-usar-para-piedras-pintadas-piedracreativa.jpg","type":"image\/jpeg"}],"twitter_card":"summary_large_image","twitter_site":"@PiedraCreativa","schema":{"@context":"https:\/\/schema.org","@graph":[{"@type":"WebPage","@id":"https:\/\/piedracreativa.com\/blog\/tipos-de-barniz\/","url":"https:\/\/piedracreativa.com\/blog\/tipos-de-barniz\/","name":"Tipos de barniz &#8226; PiedraCreativa","isPartOf":{"@id":"https:\/\/piedracreativa.com\/blog\/#website"},"primaryImageOfPage":{"@id":"https:\/\/piedracreativa.com\/blog\/tipos-de-barniz\/#primaryimage"},"image":{"@id":"https:\/\/piedracreativa.com\/blog\/tipos-de-barniz\/#primaryimage"},"thumbnailUrl":"https:\/\/piedracreativa.com\/blog\/wp-content\/uploads\/2017\/10\/que-barniz-usar-para-piedras-pintadas-piedracreativa.jpg","datePublished":"2017-11-18T09:31:32+00:00","dateModified":"2018-03-30T11:07:56+00:00","description":"\u00bfQu\u00e9 tipo de barniz es el m\u00e1s adecuado? En este documento podr\u00e1s encontrar una estupenda comparativa que te ayudar\u00e1 con la mejor elecci\u00f3n.","breadcrumb":{"@id":"https:\/\/piedracreativa.com\/blog\/tipos-de-barniz\/#breadcrumb"},"inLanguage":"es","potentialAction":[{"@type":"ReadAction","target":["https:\/\/piedracreativa.com\/blog\/tipos-de-barniz\/"]}]},{"@type":"ImageObject","inLanguage":"es","@id":"https:\/\/piedracreativa.com\/blog\/tipos-de-barniz\/#primaryimage","url":"https:\/\/piedracreativa.com\/blog\/wp-content\/uploads\/2017\/10\/que-barniz-usar-para-piedras-pintadas-piedracreativa.jpg","contentUrl":"https:\/\/piedracreativa.com\/blog\/wp-content\/uploads\/2017\/10\/que-barniz-usar-para-piedras-pintadas-piedracreativa.jpg","width":2656,"height":2656,"caption":"Que barniz usar para piedras pintadas. PiedraCreativa"},{"@type":"BreadcrumbList","@id":"https:\/\/piedracreativa.com\/blog\/tipos-de-barniz\/#breadcrumb","itemListElement":[{"@type":"ListItem","position":1,"name":"Home","item":"https:\/\/piedracreativa.com\/blog\/"},{"@type":"ListItem","position":2,"name":"Tipos de barniz"}]},{"@type":"WebSite","@id":"https:\/\/piedracreativa.com\/blog\/#website","url":"https:\/\/piedracreativa.com\/blog\/","name":"PiedraCreativa","description":"Manualidades y decoraci\u00f3n con piedras","potentialAction":[{"@type":"SearchAction","target":{"@type":"EntryPoint","urlTemplate":"https:\/\/piedracreativa.com\/blog\/?s={search_term_string}"},"query-input":{"@type":"PropertyValueSpecification","valueRequired":true,"valueName":"search_term_string"}}],"inLanguage":"es"},false]}},"yasr_visitor_votes":{"stars_attributes":{"read_only":false,"span_bottom":false},"number_of_votes":0,"sum_votes":0},"_links":{"self":[{"href":"https:\/\/piedracreativa.com\/blog\/wp-json\/wp\/v2\/pages\/6409","targetHints":{"allow":["GET"]}}],"collection":[{"href":"https:\/\/piedracreativa.com\/blog\/wp-json\/wp\/v2\/pages"}],"about":[{"href":"https:\/\/piedracreativa.com\/blog\/wp-json\/wp\/v2\/types\/page"}],"author":[{"embeddable":true,"href":"https:\/\/piedracreativa.com\/blog\/wp-json\/wp\/v2\/users\/1"}],"replies":[{"embeddable":true,"href":"https:\/\/piedracreativa.com\/blog\/wp-json\/wp\/v2\/comments?post=6409"}],"version-history":[{"count":16,"href":"https:\/\/piedracreativa.com\/blog\/wp-json\/wp\/v2\/pages\/6409\/revisions"}],"predecessor-version":[{"id":7323,"href":"https:\/\/piedracreativa.com\/blog\/wp-json\/wp\/v2\/pages\/6409\/revisions\/7323"}],"wp:featuredmedia":[{"embeddable":true,"href":"https:\/\/piedracreativa.com\/blog\/wp-json\/wp\/v2\/media\/6238"}],"wp:attachment":[{"href":"https:\/\/piedracreativa.com\/blog\/wp-json\/wp\/v2\/media?parent=6409"}],"curies":[{"name":"wp","href":"https:\/\/api.w.org\/{rel}","templated":true}]}}